{"id":1846,"date":"2021-04-27T17:23:48","date_gmt":"2021-04-27T20:23:48","guid":{"rendered":"http:\/\/localhost\/dermatovirtual\/?page_id=1846"},"modified":"2022-06-24T16:52:00","modified_gmt":"2022-06-24T19:52:00","slug":"faqs-2","status":"publish","type":"page","link":"https:\/\/dermatovirtual.com.br\/site\/en\/faqs-2\/","title":{"rendered":"Faqs"},"content":{"rendered":"\t\t<div data-elementor-type=\"wp-page\" data-elementor-id=\"1846\" class=\"elementor elementor-1846\">\n\t\t\t\t\t\t<section class=\"elementor-section elementor-top-section elementor-element elementor-element-7405c61 elementor-section-height-min-height elementor-section-stretched elementor-section-boxed elementor-section-height-default elementor-section-items-middle\" data-id=\"7405c61\" data-element_type=\"section\" data-settings=\"{&quot;stretch_section&quot;:&quot;section-stretched&quot;,&quot;background_background&quot;:&quot;classic&quot;}\">\n\t\t\t\t\t\t<div class=\"elementor-container elementor-column-gap-default\">\n\t\t\t\t\t<div class=\"aux-parallax-section elementor-column elementor-col-100 elementor-top-column elementor-element elementor-element-b6dc3f5\" data-id=\"b6dc3f5\" data-element_type=\"column\">\n\t\t\t<div class=\"elementor-widget-wrap elementor-element-populated\">\n\t\t\t\t\t\t<div class=\"elementor-element elementor-element-41c1af3 elementor-widget elementor-widget-aux_modern_heading\" data-id=\"41c1af3\" data-element_type=\"widget\" data-widget_type=\"aux_modern_heading.default\">\n\t\t\t\t<div class=\"elementor-widget-container\">\n\t\t\t\t\t<section class=\"aux-widget-modern-heading\">\n            <div class=\"aux-widget-inner\"><h2 class=\"aux-modern-heading-primary\">Frequently Asked Questions<\/h2><h3 class=\"aux-modern-heading-secondary\"><span class=\"aux-head-before\">Ask your questions here.<\/span><\/h3><\/div>\n        <\/section>\t\t\t\t<\/div>\n\t\t\t\t<\/div>\n\t\t\t\t\t<\/div>\n\t\t<\/div>\n\t\t\t\t\t<\/div>\n\t\t<\/section>\n\t\t\t\t<section class=\"elementor-section elementor-top-section elementor-element elementor-element-4cbef3c2 elementor-section-stretched faq-dv elementor-section-boxed elementor-section-height-default elementor-section-height-default\" data-id=\"4cbef3c2\" data-element_type=\"section\" data-settings=\"{&quot;stretch_section&quot;:&quot;section-stretched&quot;}\">\n\t\t\t\t\t\t<div class=\"elementor-container elementor-column-gap-default\">\n\t\t\t\t\t<div class=\"aux-parallax-section elementor-column elementor-col-100 elementor-top-column elementor-element elementor-element-5756cf7c\" data-id=\"5756cf7c\" data-element_type=\"column\">\n\t\t\t<div class=\"elementor-widget-wrap elementor-element-populated\">\n\t\t\t\t\t\t<div class=\"elementor-element elementor-element-4c15bc2 elementor-widget elementor-widget-accordion\" data-id=\"4c15bc2\" data-element_type=\"widget\" data-widget_type=\"accordion.default\">\n\t\t\t\t<div class=\"elementor-widget-container\">\n\t\t\t\t\t\t\t<div class=\"elementor-accordion\">\n\t\t\t\t\t\t\t<div class=\"elementor-accordion-item\">\n\t\t\t\t\t<div id=\"elementor-tab-title-7971\" class=\"elementor-tab-title\" data-tab=\"1\" role=\"button\" aria-controls=\"elementor-tab-content-7971\" aria-expanded=\"false\">\n\t\t\t\t\t\t\t\t\t\t\t\t\t<span class=\"elementor-accordion-icon elementor-accordion-icon-left\" aria-hidden=\"true\">\n\t\t\t\t\t\t\t\t\t\t\t\t\t\t\t<span class=\"elementor-accordion-icon-closed\"><i class=\"fas fa-chevron-down\"><\/i><\/span>\n\t\t\t\t\t\t\t\t<span class=\"elementor-accordion-icon-opened\"><i class=\"fas fa-chevron-up\"><\/i><\/span>\n\t\t\t\t\t\t\t\t\t\t\t\t\t\t<\/span>\n\t\t\t\t\t\t\t\t\t\t\t\t<a class=\"elementor-accordion-title\" tabindex=\"0\">Can I use the service from any city or state of Brazil?<\/a>\n\t\t\t\t\t<\/div>\n\t\t\t\t\t<div id=\"elementor-tab-content-7971\" class=\"elementor-tab-content elementor-clearfix\" data-tab=\"1\" role=\"region\" aria-labelledby=\"elementor-tab-title-7971\">Yes, and if you are out of the country and need a consultation\nyou can easily access the platform and conduct the online consultation.<\/div>\n\t\t\t\t<\/div>\n\t\t\t\t\t\t\t<div class=\"elementor-accordion-item\">\n\t\t\t\t\t<div id=\"elementor-tab-title-7972\" class=\"elementor-tab-title\" data-tab=\"2\" role=\"button\" aria-controls=\"elementor-tab-content-7972\" aria-expanded=\"false\">\n\t\t\t\t\t\t\t\t\t\t\t\t\t<span class=\"elementor-accordion-icon elementor-accordion-icon-left\" aria-hidden=\"true\">\n\t\t\t\t\t\t\t\t\t\t\t\t\t\t\t<span class=\"elementor-accordion-icon-closed\"><i class=\"fas fa-chevron-down\"><\/i><\/span>\n\t\t\t\t\t\t\t\t<span class=\"elementor-accordion-icon-opened\"><i class=\"fas fa-chevron-up\"><\/i><\/span>\n\t\t\t\t\t\t\t\t\t\t\t\t\t\t<\/span>\n\t\t\t\t\t\t\t\t\t\t\t\t<a class=\"elementor-accordion-title\" tabindex=\"0\">What if the patient is older or underage and needs assistance?<\/a>\n\t\t\t\t\t<\/div>\n\t\t\t\t\t<div id=\"elementor-tab-content-7972\" class=\"elementor-tab-content elementor-clearfix\" data-tab=\"2\" role=\"region\" aria-labelledby=\"elementor-tab-title-7972\">The patient will need parental consent or legal representative to follow up on the consultation, make payment and agree to the treatment plan.<\/div>\n\t\t\t\t<\/div>\n\t\t\t\t\t\t\t<div class=\"elementor-accordion-item\">\n\t\t\t\t\t<div id=\"elementor-tab-title-7973\" class=\"elementor-tab-title\" data-tab=\"3\" role=\"button\" aria-controls=\"elementor-tab-content-7973\" aria-expanded=\"false\">\n\t\t\t\t\t\t\t\t\t\t\t\t\t<span class=\"elementor-accordion-icon elementor-accordion-icon-left\" aria-hidden=\"true\">\n\t\t\t\t\t\t\t\t\t\t\t\t\t\t\t<span class=\"elementor-accordion-icon-closed\"><i class=\"fas fa-chevron-down\"><\/i><\/span>\n\t\t\t\t\t\t\t\t<span class=\"elementor-accordion-icon-opened\"><i class=\"fas fa-chevron-up\"><\/i><\/span>\n\t\t\t\t\t\t\t\t\t\t\t\t\t\t<\/span>\n\t\t\t\t\t\t\t\t\t\t\t\t<a class=\"elementor-accordion-title\" tabindex=\"0\">Online consultation really works? I have doubts.<\/a>\n\t\t\t\t\t<\/div>\n\t\t\t\t\t<div id=\"elementor-tab-content-7973\" class=\"elementor-tab-content elementor-clearfix\" data-tab=\"3\" role=\"region\" aria-labelledby=\"elementor-tab-title-7973\"><p>Yes, DermatoVirtual has expert physicians, accustomed to analyze information and digital photos. It is very common for Dermatologists to analyze and diagnose based on images.<\/p><p>Obviously, not all conditions or diseases can be diagnosed online, and there are cases in which specialists will advise the patient to a face-to-face consultation at the office, be it for a more detailed examination or to perform biopsy and\/or procedure.<\/p><\/div>\n\t\t\t\t<\/div>\n\t\t\t\t\t\t\t<div class=\"elementor-accordion-item\">\n\t\t\t\t\t<div id=\"elementor-tab-title-7974\" class=\"elementor-tab-title\" data-tab=\"4\" role=\"button\" aria-controls=\"elementor-tab-content-7974\" aria-expanded=\"false\">\n\t\t\t\t\t\t\t\t\t\t\t\t\t<span class=\"elementor-accordion-icon elementor-accordion-icon-left\" aria-hidden=\"true\">\n\t\t\t\t\t\t\t\t\t\t\t\t\t\t\t<span class=\"elementor-accordion-icon-closed\"><i class=\"fas fa-chevron-down\"><\/i><\/span>\n\t\t\t\t\t\t\t\t<span class=\"elementor-accordion-icon-opened\"><i class=\"fas fa-chevron-up\"><\/i><\/span>\n\t\t\t\t\t\t\t\t\t\t\t\t\t\t<\/span>\n\t\t\t\t\t\t\t\t\t\t\t\t<a class=\"elementor-accordion-title\" tabindex=\"0\">Can I pick the dermatologist I want?<\/a>\n\t\t\t\t\t<\/div>\n\t\t\t\t\t<div id=\"elementor-tab-content-7974\" class=\"elementor-tab-content elementor-clearfix\" data-tab=\"4\" role=\"region\" aria-labelledby=\"elementor-tab-title-7974\">You can select the dermatologist of your choice or according to your availability of hours \nor medical fees.<\/div>\n\t\t\t\t<\/div>\n\t\t\t\t\t\t\t<div class=\"elementor-accordion-item\">\n\t\t\t\t\t<div id=\"elementor-tab-title-7975\" class=\"elementor-tab-title\" data-tab=\"5\" role=\"button\" aria-controls=\"elementor-tab-content-7975\" aria-expanded=\"false\">\n\t\t\t\t\t\t\t\t\t\t\t\t\t<span class=\"elementor-accordion-icon elementor-accordion-icon-left\" aria-hidden=\"true\">\n\t\t\t\t\t\t\t\t\t\t\t\t\t\t\t<span class=\"elementor-accordion-icon-closed\"><i class=\"fas fa-chevron-down\"><\/i><\/span>\n\t\t\t\t\t\t\t\t<span class=\"elementor-accordion-icon-opened\"><i class=\"fas fa-chevron-up\"><\/i><\/span>\n\t\t\t\t\t\t\t\t\t\t\t\t\t\t<\/span>\n\t\t\t\t\t\t\t\t\t\t\t\t<a class=\"elementor-accordion-title\" tabindex=\"0\">What if I need a prescription?<\/a>\n\t\t\t\t\t<\/div>\n\t\t\t\t\t<div id=\"elementor-tab-content-7975\" class=\"elementor-tab-content elementor-clearfix\" data-tab=\"5\" role=\"region\" aria-labelledby=\"elementor-tab-title-7975\"><p>The doctor will write the prescription and the patient will receive it (digital prescription) by text messaging. Then just go to the drugstore and show the prescription on your own phone.<\/p><\/div>\n\t\t\t\t<\/div>\n\t\t\t\t\t\t\t<div class=\"elementor-accordion-item\">\n\t\t\t\t\t<div id=\"elementor-tab-title-7976\" class=\"elementor-tab-title\" data-tab=\"6\" role=\"button\" aria-controls=\"elementor-tab-content-7976\" aria-expanded=\"false\">\n\t\t\t\t\t\t\t\t\t\t\t\t\t<span class=\"elementor-accordion-icon elementor-accordion-icon-left\" aria-hidden=\"true\">\n\t\t\t\t\t\t\t\t\t\t\t\t\t\t\t<span class=\"elementor-accordion-icon-closed\"><i class=\"fas fa-chevron-down\"><\/i><\/span>\n\t\t\t\t\t\t\t\t<span class=\"elementor-accordion-icon-opened\"><i class=\"fas fa-chevron-up\"><\/i><\/span>\n\t\t\t\t\t\t\t\t\t\t\t\t\t\t<\/span>\n\t\t\t\t\t\t\t\t\t\t\t\t<a class=\"elementor-accordion-title\" tabindex=\"0\">Will my information be secure?<\/a>\n\t\t\t\t\t<\/div>\n\t\t\t\t\t<div id=\"elementor-tab-content-7976\" class=\"elementor-tab-content elementor-clearfix\" data-tab=\"6\" role=\"region\" aria-labelledby=\"elementor-tab-title-7976\">Yes. Our platform uses information safety regulatory programs, HIPAA (Health Insurance and Accountability Act) and LGPD (General Law of Data Protection). Your photos, personal and medical information, or your diagnosis, will never become public.<\/div>\n\t\t\t\t<\/div>\n\t\t\t\t\t\t\t<div class=\"elementor-accordion-item\">\n\t\t\t\t\t<div id=\"elementor-tab-title-7977\" class=\"elementor-tab-title\" data-tab=\"7\" role=\"button\" aria-controls=\"elementor-tab-content-7977\" aria-expanded=\"false\">\n\t\t\t\t\t\t\t\t\t\t\t\t\t<span class=\"elementor-accordion-icon elementor-accordion-icon-left\" aria-hidden=\"true\">\n\t\t\t\t\t\t\t\t\t\t\t\t\t\t\t<span class=\"elementor-accordion-icon-closed\"><i class=\"fas fa-chevron-down\"><\/i><\/span>\n\t\t\t\t\t\t\t\t<span class=\"elementor-accordion-icon-opened\"><i class=\"fas fa-chevron-up\"><\/i><\/span>\n\t\t\t\t\t\t\t\t\t\t\t\t\t\t<\/span>\n\t\t\t\t\t\t\t\t\t\t\t\t<a class=\"elementor-accordion-title\" tabindex=\"0\">What is the cost and payment options?<\/a>\n\t\t\t\t\t<\/div>\n\t\t\t\t\t<div id=\"elementor-tab-content-7977\" class=\"elementor-tab-content elementor-clearfix\" data-tab=\"7\" role=\"region\" aria-labelledby=\"elementor-tab-title-7977\">The consultation is R$ 159.90 and the payment is made via credit card, directly on the website.<\/div>\n\t\t\t\t<\/div>\n\t\t\t\t\t\t\t<div class=\"elementor-accordion-item\">\n\t\t\t\t\t<div id=\"elementor-tab-title-7978\" class=\"elementor-tab-title\" data-tab=\"8\" role=\"button\" aria-controls=\"elementor-tab-content-7978\" aria-expanded=\"false\">\n\t\t\t\t\t\t\t\t\t\t\t\t\t<span class=\"elementor-accordion-icon elementor-accordion-icon-left\" aria-hidden=\"true\">\n\t\t\t\t\t\t\t\t\t\t\t\t\t\t\t<span class=\"elementor-accordion-icon-closed\"><i class=\"fas fa-chevron-down\"><\/i><\/span>\n\t\t\t\t\t\t\t\t<span class=\"elementor-accordion-icon-opened\"><i class=\"fas fa-chevron-up\"><\/i><\/span>\n\t\t\t\t\t\t\t\t\t\t\t\t\t\t<\/span>\n\t\t\t\t\t\t\t\t\t\t\t\t<a class=\"elementor-accordion-title\" tabindex=\"0\">What if my doctor tells me that I need a face-to-face consultation (biopsy or a diagnostic procedure)?<\/a>\n\t\t\t\t\t<\/div>\n\t\t\t\t\t<div id=\"elementor-tab-content-7978\" class=\"elementor-tab-content elementor-clearfix\" data-tab=\"8\" role=\"region\" aria-labelledby=\"elementor-tab-title-7978\">DermatoVirtual covers only your online visit. Depending on your case, the doctor will tell you that you need a procedure for diagnosis or therapy.<\/div>\n\t\t\t\t<\/div>\n\t\t\t\t\t\t\t<div class=\"elementor-accordion-item\">\n\t\t\t\t\t<div id=\"elementor-tab-title-7979\" class=\"elementor-tab-title\" data-tab=\"9\" role=\"button\" aria-controls=\"elementor-tab-content-7979\" aria-expanded=\"false\">\n\t\t\t\t\t\t\t\t\t\t\t\t\t<span class=\"elementor-accordion-icon elementor-accordion-icon-left\" aria-hidden=\"true\">\n\t\t\t\t\t\t\t\t\t\t\t\t\t\t\t<span class=\"elementor-accordion-icon-closed\"><i class=\"fas fa-chevron-down\"><\/i><\/span>\n\t\t\t\t\t\t\t\t<span class=\"elementor-accordion-icon-opened\"><i class=\"fas fa-chevron-up\"><\/i><\/span>\n\t\t\t\t\t\t\t\t\t\t\t\t\t\t<\/span>\n\t\t\t\t\t\t\t\t\t\t\t\t<a class=\"elementor-accordion-title\" tabindex=\"0\">How do I know if my case (or my skin problem) can be treated by DermatoVirtual?<\/a>\n\t\t\t\t\t<\/div>\n\t\t\t\t\t<div id=\"elementor-tab-content-7979\" class=\"elementor-tab-content elementor-clearfix\" data-tab=\"9\" role=\"region\" aria-labelledby=\"elementor-tab-title-7979\">The virtual consultation is for guidance and the medical specialist will assess your situation. If there is a need for a procedure, it should always be done by means of a face-to-face \nconsultation.<\/div>\n\t\t\t\t<\/div>\n\t\t\t\t\t\t\t\t<\/div>\n\t\t\t\t\t\t<\/div>\n\t\t\t\t<\/div>\n\t\t\t\t\t<\/div>\n\t\t<\/div>\n\t\t\t\t\t<\/div>\n\t\t<\/section>\n\t\t\t\t<\/div>\n\t\t","protected":false},"excerpt":{"rendered":"<p>Frequently Asked Questions Ask your questions here. Can I use the service from any city or state of Brazil? Yes, and if you are out of the country and need a consultation you can easily access the platform and conduct the online consultation. What if the patient is older or underage and needs assistance? The [&hellip;]<\/p>\n","protected":false},"author":1,"featured_media":0,"parent":0,"menu_order":0,"comment_status":"closed","ping_status":"closed","template":"","meta":{"inline_featured_image":false,"footnotes":""},"class_list":["post-1846","page","type-page","status-publish","hentry"],"yoast_head":"<!-- This site is optimized with the Yoast SEO plugin v27.2 - https:\/\/yoast.com\/product\/yoast-seo-wordpress\/ -->\n<title>Faqs - DermatoVirtual<\/title>\n<meta name=\"description\" content=\"A DermatoVirtual \u00e9 a \u00fanica plataforma de telemedicina especializada em dermatologia no Brasil, idealizada por m\u00e9dicas profissionais conceituadas, com mais de 20 anos de experi\u00eancia na \u00e1rea.\" \/>\n<meta name=\"robots\" content=\"index, follow, max-snippet:-1, max-image-preview:large, max-video-preview:-1\" \/>\n<link rel=\"canonical\" href=\"https:\/\/dermatovirtual.com.br\/site\/en\/faqs-2\/\" \/>\n<meta property=\"og:locale\" content=\"pt_BR\" \/>\n<meta property=\"og:type\" content=\"article\" \/>\n<meta property=\"og:title\" content=\"Faqs - DermatoVirtual\" \/>\n<meta property=\"og:description\" content=\"A DermatoVirtual \u00e9 a \u00fanica plataforma de telemedicina especializada em dermatologia no Brasil, idealizada por m\u00e9dicas profissionais conceituadas, com mais de 20 anos de experi\u00eancia na \u00e1rea.\" \/>\n<meta property=\"og:url\" content=\"https:\/\/dermatovirtual.com.br\/site\/en\/faqs-2\/\" \/>\n<meta property=\"og:site_name\" content=\"DermatoVirtual\" \/>\n<meta property=\"article:publisher\" content=\"https:\/\/www.facebook.com\/dermatovirtual\/\" \/>\n<meta property=\"article:modified_time\" content=\"2022-06-24T19:52:00+00:00\" \/>\n<meta property=\"og:image\" content=\"https:\/\/dermatovirtual.com.br\/site\/wp-content\/uploads\/2021\/05\/facebook.jpg\" \/>\n\t<meta property=\"og:image:width\" content=\"1000\" \/>\n\t<meta property=\"og:image:height\" content=\"1000\" \/>\n\t<meta property=\"og:image:type\" content=\"image\/jpeg\" \/>\n<meta name=\"twitter:card\" content=\"summary_large_image\" \/>\n<meta name=\"twitter:label1\" content=\"Est. tempo de leitura\" \/>\n\t<meta name=\"twitter:data1\" content=\"3 minutos\" \/>\n<script type=\"application\/ld+json\" class=\"yoast-schema-graph\">{\"@context\":\"https:\/\/schema.org\",\"@graph\":[{\"@type\":\"WebPage\",\"@id\":\"https:\/\/dermatovirtual.com.br\/site\/en\/faqs-2\/\",\"url\":\"https:\/\/dermatovirtual.com.br\/site\/en\/faqs-2\/\",\"name\":\"Faqs - DermatoVirtual\",\"isPartOf\":{\"@id\":\"https:\/\/dermatovirtual.com.br\/site\/#website\"},\"datePublished\":\"2021-04-27T20:23:48+00:00\",\"dateModified\":\"2022-06-24T19:52:00+00:00\",\"description\":\"A DermatoVirtual \u00e9 a \u00fanica plataforma de telemedicina especializada em dermatologia no Brasil, idealizada por m\u00e9dicas profissionais conceituadas, com mais de 20 anos de experi\u00eancia na \u00e1rea.\",\"breadcrumb\":{\"@id\":\"https:\/\/dermatovirtual.com.br\/site\/en\/faqs-2\/#breadcrumb\"},\"inLanguage\":\"pt-BR\",\"potentialAction\":[{\"@type\":\"ReadAction\",\"target\":[\"https:\/\/dermatovirtual.com.br\/site\/en\/faqs-2\/\"]}]},{\"@type\":\"BreadcrumbList\",\"@id\":\"https:\/\/dermatovirtual.com.br\/site\/en\/faqs-2\/#breadcrumb\",\"itemListElement\":[{\"@type\":\"ListItem\",\"position\":1,\"name\":\"In\u00edcio\",\"item\":\"https:\/\/dermatovirtual.com.br\/site\/\"},{\"@type\":\"ListItem\",\"position\":2,\"name\":\"Faqs\"}]},{\"@type\":\"WebSite\",\"@id\":\"https:\/\/dermatovirtual.com.br\/site\/#website\",\"url\":\"https:\/\/dermatovirtual.com.br\/site\/\",\"name\":\"DermatoVirtual\",\"description\":\"Telemedicina\",\"publisher\":{\"@id\":\"https:\/\/dermatovirtual.com.br\/site\/#organization\"},\"potentialAction\":[{\"@type\":\"SearchAction\",\"target\":{\"@type\":\"EntryPoint\",\"urlTemplate\":\"https:\/\/dermatovirtual.com.br\/site\/?s={search_term_string}\"},\"query-input\":{\"@type\":\"PropertyValueSpecification\",\"valueRequired\":true,\"valueName\":\"search_term_string\"}}],\"inLanguage\":\"pt-BR\"},{\"@type\":\"Organization\",\"@id\":\"https:\/\/dermatovirtual.com.br\/site\/#organization\",\"name\":\"Dermato Virtual - Telemedicina\",\"url\":\"https:\/\/dermatovirtual.com.br\/site\/\",\"logo\":{\"@type\":\"ImageObject\",\"inLanguage\":\"pt-BR\",\"@id\":\"https:\/\/dermatovirtual.com.br\/site\/#\/schema\/logo\/image\/\",\"url\":\"https:\/\/dermatovirtual.com.br\/wp-content\/uploads\/2021\/05\/favicon.png\",\"contentUrl\":\"https:\/\/dermatovirtual.com.br\/wp-content\/uploads\/2021\/05\/favicon.png\",\"width\":512,\"height\":512,\"caption\":\"Dermato Virtual - Telemedicina\"},\"image\":{\"@id\":\"https:\/\/dermatovirtual.com.br\/site\/#\/schema\/logo\/image\/\"},\"sameAs\":[\"https:\/\/www.facebook.com\/dermatovirtual\/\",\"https:\/\/www.instagram.com\/dermatovirtual\/\",\"https:\/\/www.linkedin.com\/company\/dermato-virtual\/\"]}]}<\/script>\n<!-- \/ Yoast SEO plugin. -->","yoast_head_json":{"title":"Faqs - DermatoVirtual","description":"A DermatoVirtual \u00e9 a \u00fanica plataforma de telemedicina especializada em dermatologia no Brasil, idealizada por m\u00e9dicas profissionais conceituadas, com mais de 20 anos de experi\u00eancia na \u00e1rea.","robots":{"index":"index","follow":"follow","max-snippet":"max-snippet:-1","max-image-preview":"max-image-preview:large","max-video-preview":"max-video-preview:-1"},"canonical":"https:\/\/dermatovirtual.com.br\/site\/en\/faqs-2\/","og_locale":"pt_BR","og_type":"article","og_title":"Faqs - DermatoVirtual","og_description":"A DermatoVirtual \u00e9 a \u00fanica plataforma de telemedicina especializada em dermatologia no Brasil, idealizada por m\u00e9dicas profissionais conceituadas, com mais de 20 anos de experi\u00eancia na \u00e1rea.","og_url":"https:\/\/dermatovirtual.com.br\/site\/en\/faqs-2\/","og_site_name":"DermatoVirtual","article_publisher":"https:\/\/www.facebook.com\/dermatovirtual\/","article_modified_time":"2022-06-24T19:52:00+00:00","og_image":[{"width":1000,"height":1000,"url":"https:\/\/dermatovirtual.com.br\/site\/wp-content\/uploads\/2021\/05\/facebook.jpg","type":"image\/jpeg"}],"twitter_card":"summary_large_image","twitter_misc":{"Est. tempo de leitura":"3 minutos"},"schema":{"@context":"https:\/\/schema.org","@graph":[{"@type":"WebPage","@id":"https:\/\/dermatovirtual.com.br\/site\/en\/faqs-2\/","url":"https:\/\/dermatovirtual.com.br\/site\/en\/faqs-2\/","name":"Faqs - DermatoVirtual","isPartOf":{"@id":"https:\/\/dermatovirtual.com.br\/site\/#website"},"datePublished":"2021-04-27T20:23:48+00:00","dateModified":"2022-06-24T19:52:00+00:00","description":"A DermatoVirtual \u00e9 a \u00fanica plataforma de telemedicina especializada em dermatologia no Brasil, idealizada por m\u00e9dicas profissionais conceituadas, com mais de 20 anos de experi\u00eancia na \u00e1rea.","breadcrumb":{"@id":"https:\/\/dermatovirtual.com.br\/site\/en\/faqs-2\/#breadcrumb"},"inLanguage":"pt-BR","potentialAction":[{"@type":"ReadAction","target":["https:\/\/dermatovirtual.com.br\/site\/en\/faqs-2\/"]}]},{"@type":"BreadcrumbList","@id":"https:\/\/dermatovirtual.com.br\/site\/en\/faqs-2\/#breadcrumb","itemListElement":[{"@type":"ListItem","position":1,"name":"In\u00edcio","item":"https:\/\/dermatovirtual.com.br\/site\/"},{"@type":"ListItem","position":2,"name":"Faqs"}]},{"@type":"WebSite","@id":"https:\/\/dermatovirtual.com.br\/site\/#website","url":"https:\/\/dermatovirtual.com.br\/site\/","name":"DermatoVirtual","description":"Telemedicina","publisher":{"@id":"https:\/\/dermatovirtual.com.br\/site\/#organization"},"potentialAction":[{"@type":"SearchAction","target":{"@type":"EntryPoint","urlTemplate":"https:\/\/dermatovirtual.com.br\/site\/?s={search_term_string}"},"query-input":{"@type":"PropertyValueSpecification","valueRequired":true,"valueName":"search_term_string"}}],"inLanguage":"pt-BR"},{"@type":"Organization","@id":"https:\/\/dermatovirtual.com.br\/site\/#organization","name":"Dermato Virtual - Telemedicina","url":"https:\/\/dermatovirtual.com.br\/site\/","logo":{"@type":"ImageObject","inLanguage":"pt-BR","@id":"https:\/\/dermatovirtual.com.br\/site\/#\/schema\/logo\/image\/","url":"https:\/\/dermatovirtual.com.br\/wp-content\/uploads\/2021\/05\/favicon.png","contentUrl":"https:\/\/dermatovirtual.com.br\/wp-content\/uploads\/2021\/05\/favicon.png","width":512,"height":512,"caption":"Dermato Virtual - Telemedicina"},"image":{"@id":"https:\/\/dermatovirtual.com.br\/site\/#\/schema\/logo\/image\/"},"sameAs":["https:\/\/www.facebook.com\/dermatovirtual\/","https:\/\/www.instagram.com\/dermatovirtual\/","https:\/\/www.linkedin.com\/company\/dermato-virtual\/"]}]}},"_links":{"self":[{"href":"https:\/\/dermatovirtual.com.br\/site\/wp-json\/wp\/v2\/pages\/1846","targetHints":{"allow":["GET"]}}],"collection":[{"href":"https:\/\/dermatovirtual.com.br\/site\/wp-json\/wp\/v2\/pages"}],"about":[{"href":"https:\/\/dermatovirtual.com.br\/site\/wp-json\/wp\/v2\/types\/page"}],"author":[{"embeddable":true,"href":"https:\/\/dermatovirtual.com.br\/site\/wp-json\/wp\/v2\/users\/1"}],"replies":[{"embeddable":true,"href":"https:\/\/dermatovirtual.com.br\/site\/wp-json\/wp\/v2\/comments?post=1846"}],"version-history":[{"count":3,"href":"https:\/\/dermatovirtual.com.br\/site\/wp-json\/wp\/v2\/pages\/1846\/revisions"}],"predecessor-version":[{"id":3861,"href":"https:\/\/dermatovirtual.com.br\/site\/wp-json\/wp\/v2\/pages\/1846\/revisions\/3861"}],"wp:attachment":[{"href":"https:\/\/dermatovirtual.com.br\/site\/wp-json\/wp\/v2\/media?parent=1846"}],"curies":[{"name":"wp","href":"https:\/\/api.w.org\/{rel}","templated":true}]}}